8).
379
Let y(m) = -859*m - 11137. What is y(-13)?
30
Let k(s) = -5402*s - 350721. Calculate k(-65).
409
Let t(w) = 7051*w + 77588. What is t(-11)?
27
Let d(o) = -1535*o - 165770. Determine d(-108).
10
Let m(h) = -h**3 - 164*h**2 - 3577*h - 316. Give m(-26).
-602
Let o(y) = -y**3 + 119*y**2 - 278*y + 18872. Give o(118).
-8
Let o(v) = 297*v - 20555. Give o(67).
-656
Let k(r) = -22*r**2 + 162*r - 802. Determine k(14).
-2846
Let z(c) = -6*c**3 - 114*c**2 + 17*c + 3. Give z(-19).
-320
Let m(j) = 2403*j - 19318. Calculate m(8).
-94
Let a(v) = 2*v**2 - 785*v - 24621. Calculate a(-30).
729
Let h(i) = 15626*i - 31283. Give h(2).
-31
Let b(z) = 4*z**3 - 85*z**2 + 102*z - 1669. Determine b(21).
32
Let n(p) = -p**2 - 22*p + 5373. Calculate n(63).
18
Let o(q) = 2*q**3 - 37*q**2 - 59*q + 1887. Determine o(17).
17
Let k(r) = -14*r**3 + 5*r**2 - 267*r + 517. Give k(2).
-109
Let l(n) = 26460*n + 7170649. What is l(-271)?
-11
Let y(r) = -194*r + 4162. Calculate y(23).
-300
Let s(z) = 5*z**3 - 57*z**2 + 100*z + 26. Determine s(8).
-262
Let v(w) = w**3 + 41*w**2 + 125*w + 34. Calculate v(-34).
3876
Let q(h) = -h**3 + 94*h**2 - 538*h - 29671. Give q(25).
4
Let f(h) = 123*h + 308. Determine f(-4).
-184
Let s(i) = -22680*i + 19686234. Give s(868).
-6
Let u(b) = 2*b**2 + 338*b + 4845. What is u(-15)?
225
Let s(b) = -2*b**2 + 274509*b - 823513. What is s(3)?
-4
Let z(k) = 9*k**3 + 8*k**2 + 143*k + 920. What is z(-6)?
-1594
Let m(c) = 3*c**3 - 25*c**2 - 40*c + 490. Determine m(7).
14
Let g(v) = -2*v**2 + 783*v - 12003. What is g(16)?
13
Let c(i) = -33873*i + 33545. Calculate c(1).
-328
Let z(r) = -3943*r + 31949. What is z(8)?
405
Let q(k) = -28*k**3 - 3*k**2 - 11*k - 6. What is q(-1)?
30
Let h(o) = -326*o - 1474. Calculate h(-2).
-822
Let s(x) = 93*x**3 - 27*x**2 + 26*x + 2. Give s(1).
94
Let w(k) = 283*k**2 - 7336*k - 519. Determine w(26).
53
Let c(h) = -h**3 - 10*h**2 + 117*h + 711. Determine c(-5).
1
Let f(i) = -2614*i - 21694. Determine f(-8).
-782
Let b(k) = -12*k**2 - 532*k - 1188. Calculate b(-42).
-12
Let r(m) = 6*m**3 - 259*m**2 + 46*m - 27. Calculate r(43).
102
Let i(o) = -9004*o - 1296497. Determine i(-144).
79
Let d(v) = -v**3 + 176*v**2 + 2052*v - 1381. Determine d(187).
-2316
Let q(l) = -7854*l + 188508. Calculate q(24).
12
Let v(g) = 41248*g**2 + 206236*g - 14. Calculate v(-5).
6
Let h(z) = 2249*z + 4531. What is h(-2)?
33
Let y(p) = 12*p**3 + 283*p**2 + 166*p + 292. Calculate y(-23).
177
Let w(b) = 5638*b - 2740062. Determine w(486).
6
Let h(p) = 2416*p + 345806. What is h(-143)?
318
Let q(s) = 94*s**2 + 23882*s + 1513. What is q(-254)?
-11
Let y(w) = 9*w**2 - 2612*w - 13008. Give y(-5).
277
Let o(y) = -442*y + 3571. Give o(9).
-407
Let p(m) = -m**3 + 20*m**2 - 434*m + 7152. Calculate p(18).
-12
Let w(p) = p**2 + 57276*p - 15306167. Give w(266).
5
Let k(y) = -728*y - 6991. What is k(-7)?
-1895
Let s(u) = u**3 + 120*u**2 + 907*u - 40. Give s(-112).
-1272
Let d(r) = 2*r**2 - 2175*r + 73660. Determine d(35).
-15
Let r(j) = j**2 + 48786*j - 48788. Determine r(1).
-1
Let b(g) = -5*g**3 + 65*g + 189. Give b(-4).
249
Let r(v) = v**3 - 54*v**2 - 387*v + 2502. Calculate r(-10).
-28
Let s(w) = -2*w**3 - 260*w**2 + 1197*w - 20637. Give s(-135).
18
Let w(p) = -3*p**2 - 631*p + 59603. Give w(-281).
31
Let x(y) = 2*y**3 - 301*y**2 - 186*y + 6674. Determine x(151).
1389
Let s(x) = -15307*x + 91835. Determine s(6).
-7
Let k(x) = -224*x + 85. What is k(-4)?
981
Let t(k) = -3855*k + 11575. Determine t(3).
10
Let l(m) = -14136*m**2 + 197902*m + 34. Calculate l(14).
6
Let c(t) = 21*t**2 + 718*t + 5791. Give c(-21).
-26
Let g(w) = 20*w**2 - 20*w - 3. Calculate g(7).
837
Let m(h) = -15*h**2 - 147*h + 860. What is m(7)?
-904
Let k(y) = -y**3 + 76*y**2 + 1944*y - 2862. Give k(96).
-558
Let v(i) = -980*i**2 - 10363*i - 10364. What is v(-1)?
-981
Let j(n) = 3*n**2 - 1041*n + 1434. Give j(346).
396
Let y(d) = 75*d**2 - 264*d + 10. Determine y(3).
-107
Let r(i) = i**3 - 302*i**2 - 404*i + 212332. Determine r(301).
127
Let f(l) = -16*l**2 + 4473*l + 1951. Determine f(280).
-9
Let c(d) = 80*d**2 - 397*d + 340. Give c(3).
-131
Let q(a) = -a**3 - 10*a**2 - 609*a + 3404. What is q(5)?
-16
Let z(a) = -a**2 + 5145*a - 695780. Determine z(139).
54
Let n(t) = 3*t**3 - 1512*t**2 + 1675*t - 83513. Determine n(503).
-15
Let y(f) = -22*f**2 + 749*f + 5959. Calculate y(-8).
-1441
Let k(a) = 1688*a + 705575. Give k(-418).
-9
Let i(l) = -143*l**2 - 474*l + 476. Determine i(1).
-141
Let o(d) = 3655*d + 826025. Calculate o(-226).
-5
Let s(t) = -6*t**3 - 4*t**2 - 14*t - 6. Give s(-3).
162
Let x(h) = -217*h**2 + 1402*h - 1404. What is x(1)?
-219
Let w(p) = p**3 - 67*p**2 + 21*p - 448. Determine w(67).
959
Let q(p) = -15*p**2 + 1343*p - 14406. Determine q(77).
70
Let g(o) = -322*o**2 - 43800*o - 1106. Determine g(-136).
-18
Let j(d) = 10*d + 104. Give j(39).
494
Let m(h) = -581*h + 27288. Determine m(47).
-19
Let f(p) = 2800*p + 20033. Calculate f(-7).
433
Let b(w) = -13649*w + 41350. Calculate b(3).
403
Let t(d) = -79*d**2 - 184*d - 189. Give t(-1).
-84
Let x(s) = -25*s**2 + 282*s - 18. What is x(8)?
638
Let j(f) = 3*f**2 + 9236*f - 92311. Determine j(10).
349
Let x(r) = -1682*r + 44527. Determine x(26).
795
Let n(g) = 2*g**3 + 99*g**2 - 487*g - 243. Determine n(-54).
-189
Let x(m) = 43535*m - 3439232. Determine x(79).
33
Let r(n) = 5301*n + 73657. Give r(-14).
-557
Let t(c) = 20842*c - 688419. Calculate t(33).
-633
Let f(d) = 85*d**2 - 4014*d - 80. Give f(47).
-973
Let i(x) = 1661*x - 81376. Calculate i(49).
13
Let l(s) = 17*s**3 - 199*s**2 + 80*s + 45. Give l(11).
-527
Let t(j) = 1456*j - 65548. Determine t(45).
-28
Let c(g) = 110*g**2 - 5731*g - 5247. Calculate c(53).
0
Let g(v) = -663*v**2 + 25516*v - 12239. Give g(38).
-3
Let y(k) = -162*k - 292. Calculate y(7).
-1426
Let i(v) = -15*v**3 + 173*v**2 - 472*v + 89. Give i(4).
9
Let n(q) = -5051*q - 4561043. What is n(-903)?
10
Let l(u) = -u**3 + 38*u**2 - 728*u + 32314. Determine l(40).
-6
Let i(n) = n**3 + 207*n**2 - 1821*n + 3577. Determine i(3).
4
Let y(s) = -2*s**3 - 28*s**2 - 241*s - 3386. Calculate y(-14).
-12
Let c(y) = 5963*y + 29091. Determine c(-5).
-724
Let s(p) = -330*p**2 + 37619*p - 10. What is s(114)?
-124
Let g(h) = 13*h**2 + 66*h + 151. Calculate g(-7).
326
Let n(r) = 21890*r - 262674. Calculate n(12).
6
Let d(o) = 34984*o - 174971. Determine d(5).
-51
Let h(u) = -u**2 + 18334*u + 183446. Calculate h(-10).
6
Let x(b) = 11*b**2 - 484*b + 2445. Determine x(5).
300
Let l(x) = -2*x**3 - 2*x**2 + 107*x + 156. Calculate l(-7).
-5
Let i(h) = -4615*h - 18254. Calculate i(-4).
206
Let y(x) = -221*x + 2834. What is y(13)?
-39
Let v(u) = 999*u - 12977. Determine v(11).
-1988
Let z(a) = -184935*a + 8507004. Give z(46).
-6
Let u(i) = 71*i**2 + 931*i + 3037. Calculate u(-6).
7
Let i(z) = -5*z**2 - 317*z + 1835. Calculate i(6).
-247
Let b(m) = -m**3 + 225*m**2 - 893*m + 1836. Give b(221).
-153
Let r(d) = -58*d**2 + 1790*d + 5434. Give r(-3).
-458
Let g(j) = -j**3 - 93*j**2 - 241*j + 2611. Give g(-90).
1
Let p(a) = -324*a + 69365. Calculate p(203).
3593
Let o(y) = 2604*y - 7794. What is o(3)?
18
Let s(p) = 1212*p**2 - 4622*p - 903. Determine s(4).
1
Let k(u) = -6448*u + 123578. Determine k(19).
1066
Let z(b) = 50*b + 323. Calculate z(-12).
-277
Let t(k) = -147*k**2 - 219*k + 684. What is t(-3)?
18
Let k(x) = -34*x + 7275. Give k(224).
-341
Let p(a) = 47*a**2 - 531*a - 7260. What is p(-8)?
-4
Let w(u) = -116946*u + 1520049. What is w(13)?
-249
Let c(w) = -59*w**3 + 115*w**2 + 125*w + 10. Calculate c(-1).
59
Let d(p) = -p**3 - 257*p**2 - 6813*p - 534. What is d(-227)?
147
Let o(m) = m**3 - 14*m**2 + 1140*m - 12231. What is o(11)?
-54
Let p(t) = -t**3 + 6097*t**2 + 30506*t - 20. Determine p(-5).
0
Let v(w) = w**2 + 243*w + 13669. What is v(-89)?
-37
Let w(p) = 773*p**2 - p + 2. Give w(2).
3092
Let x(n) = 2*n**3 - 32*n**2 + 841*n - 16362. Calculate x(18).
72
Let q(s) = 74212*s + 222678. What is q(-3)?
42
Let q(x) = -52054*x - 416366. Calculate q(-8).
66
Let r(y) = y**3 + 76*y**2 + 1261*y - 371. Calculate r(-25).
-21
Let z(h) = 154*h**2 - 1126*h + 5. What is z(8)?
853
Let q(s) = -8*s**2 - 1803*s + 61296. Calculate q(30).
6
Let q(i) = -i**2 + 97*i - 2415. What is q(62)?
-245
Let z(h) = 432856*h - 2164268. Determine z(5).
12
Let k(i) = -7*i**2 + 1